{"id":778,"date":"2017-04-25T14:52:50","date_gmt":"2017-04-25T11:52:50","guid":{"rendered":"http:\/\/www.spets-stroy.com\/?page_id=778"},"modified":"2017-04-25T15:05:26","modified_gmt":"2017-04-25T12:05:26","slug":"uber-uns","status":"publish","type":"page","link":"http:\/\/www.spets-stroy.com\/?page_id=778","title":{"rendered":"\u00dcber uns"},"content":{"rendered":"<p><img loading=\"lazy\" decoding=\"async\" class=\"size-full aligncenter\" src=\"http:\/\/www.spets-stroy.com\/wp-content\/uploads\/2016\/10\/banner5.jpg\" alt=\"\" width=\"600\" height=\"200\" \/><\/p>\n<p>Der Hauptsitz befindet sich in Krasnodar, Filialen in Moskau, Rostow am Don, Nowotscherkassk, Stawropol, Pjatigorsk, Naltschik, Wladikawkas, Wolgograd.<\/p>\n<p>Langj\u00e4hrige Erfahrung und Qualifikation der Mitarbeiter wurden durch mehr als 170 erfolgreich durchgef\u00fchrte Projekte in Russland und in den GUS-L\u00e4ndern best\u00e4tigt.<\/p>\n<p>Personalbestand z\u00e4hlt mehr als 400 Mitarbeiter darunter 80 hochqualifizierte Ingenieure mit Zertifikation f\u00fcr technische Anlagen und Systeme wie Siemens DF&amp;PD, Siemens BT, B&amp;R Automation, Rockwell Automation, Schneider Electric, Legrand, Rittal, Sprecon-E-C, Emerson, Foxboro, Honeywell, SCHRACK Seconet, Bosch, Danfoss, Invensys, Yokogawa.\u00a0 OOO SpetsStroy \u00a0\u00fcbt die Funktion des Generalauftragnehmers auf den Energieobjekten mit Spannung 100 kV und mehr aus, hat die n\u00f6tigen Ressourcen f\u00fcr Ausf\u00fchrung der Massiv- und Betonarbeiten, des Mettalbauerhandwerks, f\u00fcr den Hochspannungskabel- und Freileitungsbau, eigene Abteilung f\u00fcr Produktion der Elektroraumausr\u00fcstung.<\/p>\n<h4>SPEZIALTECHNIK UND AUSSTATTUNG<\/h4>\n<p>Wir sind mit folgenden Betriebsmitteln ausgestattet:<\/p>\n<ul>\n<li>eigenen Kraftfahrzeugpark von Leicht-, Fracht- und Spezialtechnik;<\/li>\n<li>Baumaschinen;<\/li>\n<li>elektrotechnisches Labor;<\/li>\n<li>Ausr\u00fcstung f\u00fcr die Arbeiten mit der Glasfaserleitung;<\/li>\n<li>Produktionslagerst\u00e4tte.<\/li>\n<\/ul>\n<p>&nbsp;<\/p>\n<h4>INGENIEURTECHNISCHE WISSENSBASIS<\/h4>\n<p>Ingenieurtechnische Wissensbasis erm\u00f6glicht die Optimierung der Projektierungs-, Montage- und Inbetriebsetzungsarbeiten und enth\u00e4lt:<\/p>\n<ul>\n<li>Modellprojekte mit Bausteinen der technischen Geb\u00e4udeausr\u00fcstung (Automatisierungssystemen, Energie- und Wasserversorgungssystemen, Abwasseranlagen, Heizungs- und L\u00fcftungssystemen, Konditionierungssystemen, strukturierter Verkabelung, LAN-Netzwerk);<\/li>\n<li>Leitf\u00e4den f\u00fcr die Auswahl der Produktpalette von verschiedenen Herstellern bezogen auf ihre technischen Eigenschaften;<\/li>\n<li>3D-Modelle der wichtigsten Projektierungselemente zur Visualisierung;<\/li>\n<\/ul>\n<ul>\n<li>Information \u00fcber alle Analoga f\u00fcr schnelle Berechnung der kommerziellen Angebote ausgehend von qualitativen und quantitativen Eigenschaften des Objekts ohne Kalkulation.<\/li>\n<\/ul>\n<p>Unsere Datenbank \u00a0enth\u00e4lt auch die Ablaufschemas f\u00fcr Bau- und Montagearbeiten sowie Leitf\u00e4den f\u00fcr \u00a0Inbetriebnahme technischen Systemen aller Art.<\/p>\n<h4>PARTNER<\/h4>\n<p>Das Unternehmen hat Gesch\u00e4ftsbeziehungen\u00a0 mit heimischen und internationalen Lieferanten der technologischen Ausr\u00fcstung, Software und Hardware: \u00a0Siemens, Danfoss, Schneider, Legrand, Rittal, Emerson, Rockwell, Honeywell, Traffo Elettro, ABB, OBO Bettermann, SCHRACK, Firmengruppe Elektroschit-Samara, MOXA, Uralenergoservice, Eurokontrakt \u2013Hochspannungsger\u00e4te, Bresler, EKR\u0410 und anderen.<\/p>\n<p>Direkte Verbindungen in Europa und eigene Logistik erm\u00f6glichen die Lieferungen der Sonderausr\u00fcstung direkt vom Hersteller. SpetsStroy hat auch breites Partnernetz in Regionen, was die beste Realisierung von schl\u00fcsselfertigen Projekten erm\u00f6glicht und das Unternehmen zum Marktf\u00fchrer S\u00fcdrusslands in seinem Fachbereich macht.<\/p>\n<p>&nbsp;<\/p>\n","protected":false},"excerpt":{"rendered":"<p>Der Hauptsitz befindet sich in Krasnodar, Filialen in Moskau, Rostow am Don, Nowotscherkassk, Stawropol, Pjatigorsk, Naltschik, Wladikawkas, Wolgograd. Langj\u00e4hrige Erfahrung und Qualifikation der Mitarbeiter wurden durch mehr als 170 erfolgreich durchgef\u00fchrte Projekte in Russland und in den GUS-L\u00e4ndern best\u00e4tigt. Personalbestand z\u00e4hlt mehr als 400 Mitarbeiter darunter 80 hochqualifizierte Ingenieure mit Zertifikation f\u00fcr technische Anlagen und [&hellip;]<\/p>\n","protected":false},"author":1,"featured_media":0,"parent":0,"menu_order":0,"comment_status":"closed","ping_status":"closed","template":"","meta":{"footnotes":""},"class_list":["post-778","page","type-page","status-publish","hentry"],"_links":{"self":[{"href":"http:\/\/www.spets-stroy.com\/index.php?rest_route=\/wp\/v2\/pages\/778","targetHints":{"allow":["GET"]}}],"collection":[{"href":"http:\/\/www.spets-stroy.com\/index.php?rest_route=\/wp\/v2\/pages"}],"about":[{"href":"http:\/\/www.spets-stroy.com\/index.php?rest_route=\/wp\/v2\/types\/page"}],"author":[{"embeddable":true,"href":"http:\/\/www.spets-stroy.com\/index.php?rest_route=\/wp\/v2\/users\/1"}],"replies":[{"embeddable":true,"href":"http:\/\/www.spets-stroy.com\/index.php?rest_route=%2Fwp%2Fv2%2Fcomments&post=778"}],"version-history":[{"count":7,"href":"http:\/\/www.spets-stroy.com\/index.php?rest_route=\/wp\/v2\/pages\/778\/revisions"}],"predecessor-version":[{"id":785,"href":"http:\/\/www.spets-stroy.com\/index.php?rest_route=\/wp\/v2\/pages\/778\/revisions\/785"}],"wp:attachment":[{"href":"http:\/\/www.spets-stroy.com\/index.php?rest_route=%2Fwp%2Fv2%2Fmedia&parent=778"}],"curies":[{"name":"wp","href":"https:\/\/api.w.org\/{rel}","templated":true}]}}