{"id":845,"date":"2017-05-17T13:35:39","date_gmt":"2017-05-17T10:35:39","guid":{"rendered":"http:\/\/www.spets-stroy.com\/?page_id=845"},"modified":"2017-05-17T13:35:39","modified_gmt":"2017-05-17T10:35:39","slug":"kunden","status":"publish","type":"page","link":"http:\/\/www.spets-stroy.com\/?page_id=845","title":{"rendered":"Kunden"},"content":{"rendered":"<p><img decoding=\"async\" src=\"http:\/\/www.spets-stroy.com\/wp-content\/uploads\/2016\/10\/banner4.jpg\" \/><\/p>\n<h4>UNSERE SCHL\u00dcSSELKUNDEN SIND DIE GR\u00d6SSTE STAATS- UND WRTSCHAFTSUNTERNEHMEN RUSSLAND UND EUROPA:<\/h4>\n<ul>\n<li>Bundeszentrum f\u00fcr Informationstechnologie an der russischen Zentralen Wahlkommission (F\u00f6derationskreis S\u00fcdrussland und F\u00f6derationskreis \u00a0Nordkaukasus)<\/li>\n<li>Justizabteilung an den Obersten Gerichtshof der Russischen F\u00f6deration (F\u00f6derationskreis S\u00fcdrussland und F\u00f6derationskreis \u00a0Nordkaukasus)<\/li>\n<li>Regionale Gerichtsamt in der Kabardino-Balkarischen Republik<\/li>\n<li>Gerichte der allgemeinen Zust\u00e4ndigkeit der Republik Inguschetien<\/li>\n<li>Innenministerium in der Karatschai-Tscherkessien<\/li>\n<li>Finanzverwaltung Nordossetien-Alanien<\/li>\n<li>Oberbauamt der Region Krasnodar<\/li>\n<li>F\u00f6derales staatliches Unternehmen &#171;Kaukasus&#187;<\/li>\n<li>AO Hazinedaroglu \u00d6zkan \u0130n\u015faat ASH<\/li>\n<li>OAO &#171;BKMPO&#187; (ALCOA)<\/li>\n<li>ZAO &#171;NPO&#187; Mostovik<\/li>\n<li>Iriklinskaya staatliches \u00dcberlandkraftwerk, Kirishi staatliches \u00dcberlandkraftwerk<\/li>\n<li>CT VAMED Engineering<\/li>\n<li>NP &#171;Unternehmen &#171;ECOS&#187;<\/li>\n<li>OAO &#171;Aston&#187;<\/li>\n<li>OAO &#171;Silikat&#187;<\/li>\n<li>OAO &#171;Die Anlage-Wandmaterialien von Kuban&#187;<\/li>\n<li>OAO &#171;Krasnodarteploset&#187;<\/li>\n<li>OAO &#171;Gazprom&#187;<\/li>\n<li>&#171;Kubanenergo&#187;<\/li>\n<li>OAO &#171;Novokubansky Pflanze aus keramischem Wandmaterial&#187;<\/li>\n<li>OAO &#171;RZD&#187; Russische Eisenbahnen<\/li>\n<li>OAO &#171;Ryazanenergo&#187;<\/li>\n<li>OAO &#171;Tagmet&#187;<\/li>\n<li>OAO &#171;FGC UES&#187; &#8212; MES S\u00fcd<\/li>\n<li>OOO &#171;Coca-Cola HBC Eurasia&#187;<\/li>\n<li>OOO &#171;Nestle Kuban&#187;<\/li>\n<li>OOO &#171;Rosengineering construction&#187;<\/li>\n<li>OOO &#171;Afipsky Raffinerie&#187;<\/li>\n<li>OOO &#171;Gazprom Sotsinvest&#187;<\/li>\n<li>OOO &#171;Crown Cork Kuban&#187;<\/li>\n<li>OOO &#171;LUKOIL-Kubanenergo&#187; &#8212; W\u00e4rmekraftwerk Krasnodar<\/li>\n<li>OOO &#171;Rosengineering Energie&#187;<\/li>\n<li>OOO &#171;Kuban Gesellschaft &#171;Elit-maslo&#187;<\/li>\n<li>OOO &#171;Energie Yug&#187;<\/li>\n<li>OOO &#171;Energotrade&#187;<\/li>\n<li>OOO &#171;EuroChem &#8212; BMU&#187;<\/li>\n<li>OAO &#171;Sochi W\u00e4rmekraftwerk&#187;<\/li>\n<li>OOO &#171;Urengoygazprom&#187;<\/li>\n<li>Strabag AG<\/li>\n<\/ul>\n<h4><\/h4>\n<h4>DURCH DIE ZUSAMMENARBEIT MIT &#171;SPETSSTROY&#187; UNSERE KUNDEN ERHALTEN:<\/h4>\n<p>Eine Ganzheitsbetrachtung mit der F\u00e4higkeit die Entwicklung, Fertigung und Logistik-Ressourcen zu integrieren, macht es m\u00f6glich, den kompletten Zyklus von Arbeiten auf dem Projekt des Kunden jeglicher Komplexit\u00e4t, verantwortungsvoll zu f\u00fchren.<\/p>\n<p>Erfahrungen bei der Umsetzung von Gro\u00dfprojekten und innovative L\u00f6sungen im Bereich Engineering.<\/p>\n<p>Das hohe Niveau der Produktionstechnologie, einschlie\u00dflich eigene Herstellung von elektrischer Steuerung sowie \u00dcbereinstimmung technischen Parameter und Eigenschaften der Ger\u00e4te und Materialien der Qualit\u00e4t.<\/p>\n<p>Qualitative Vorsprung der Ressourcen: die Arbeiten werden von erfahrenen hochqualifizierten Spezialisten mit Berufserfahrung von mindestens 6 Jahren durchgef\u00fchrt.<\/p>\n<p>Schnelle Anpassung der Organisationsstruktur im Rahmen der Aufgabe des Kunden.<\/p>\n<p>Bei ihrer T\u00e4tigkeit OOO \u201eSpetsStroy\u201c h\u00e4lt sich an die Grunds\u00e4tze der Treu und Glaube. Wir bieten unseren Kunden nur die Dienste an, die sie wirklich brauchen, rechtfertigen Kundenvertrauen und liefern hochwertige professionelle L\u00f6sungen.<\/p>\n","protected":false},"excerpt":{"rendered":"<p>UNSERE SCHL\u00dcSSELKUNDEN SIND DIE GR\u00d6SSTE STAATS- UND WRTSCHAFTSUNTERNEHMEN RUSSLAND UND EUROPA: Bundeszentrum f\u00fcr Informationstechnologie an der russischen Zentralen Wahlkommission (F\u00f6derationskreis S\u00fcdrussland und F\u00f6derationskreis \u00a0Nordkaukasus) Justizabteilung an den Obersten Gerichtshof der Russischen F\u00f6deration (F\u00f6derationskreis S\u00fcdrussland und F\u00f6derationskreis \u00a0Nordkaukasus) Regionale Gerichtsamt in der Kabardino-Balkarischen Republik Gerichte der allgemeinen Zust\u00e4ndigkeit der Republik Inguschetien Innenministerium in der Karatschai-Tscherkessien Finanzverwaltung [&hellip;]<\/p>\n","protected":false},"author":1,"featured_media":0,"parent":0,"menu_order":0,"comment_status":"closed","ping_status":"closed","template":"","meta":{"footnotes":""},"class_list":["post-845","page","type-page","status-publish","hentry"],"_links":{"self":[{"href":"http:\/\/www.spets-stroy.com\/index.php?rest_route=\/wp\/v2\/pages\/845","targetHints":{"allow":["GET"]}}],"collection":[{"href":"http:\/\/www.spets-stroy.com\/index.php?rest_route=\/wp\/v2\/pages"}],"about":[{"href":"http:\/\/www.spets-stroy.com\/index.php?rest_route=\/wp\/v2\/types\/page"}],"author":[{"embeddable":true,"href":"http:\/\/www.spets-stroy.com\/index.php?rest_route=\/wp\/v2\/users\/1"}],"replies":[{"embeddable":true,"href":"http:\/\/www.spets-stroy.com\/index.php?rest_route=%2Fwp%2Fv2%2Fcomments&post=845"}],"version-history":[{"count":4,"href":"http:\/\/www.spets-stroy.com\/index.php?rest_route=\/wp\/v2\/pages\/845\/revisions"}],"predecessor-version":[{"id":849,"href":"http:\/\/www.spets-stroy.com\/index.php?rest_route=\/wp\/v2\/pages\/845\/revisions\/849"}],"wp:attachment":[{"href":"http:\/\/www.spets-stroy.com\/index.php?rest_route=%2Fwp%2Fv2%2Fmedia&parent=845"}],"curies":[{"name":"wp","href":"https:\/\/api.w.org\/{rel}","templated":true}]}}